{"id":19,"date":"2019-08-02T12:38:36","date_gmt":"2019-08-02T12:38:36","guid":{"rendered":"http:\/\/kosmetik-gutezeit-eggenstein.de\/?page_id=19"},"modified":"2019-08-20T11:15:01","modified_gmt":"2019-08-20T09:15:01","slug":"kontakt","status":"publish","type":"page","link":"https:\/\/kosmetik-gutezeit-eggenstein.de\/?page_id=19","title":{"rendered":"Kontakt"},"content":{"rendered":"\n<p>Ute G\u00f6bel, Bahnhofstra\u00dfe 48a, 76344 Eggenstein<\/p>\n\n\n\n<p>staatl. gepr\u00fcfte Kosmetikfachkraft<\/p>\n\n\n\n<p><\/p>\n\n\n\n<p>Tel. 0721 \/ 470 398 31<\/p>\n\n\n\n<p>Mobil: 01577 \/ 468 404 3   ( gerne auch per whatsapp )<\/p>\n\n\n\n<p>E-Mail: kosmetik-gutezeit-eggenstein(at)gmx.de<\/p>\n\n\n\n<p><\/p>\n\n\n\n<p><\/p>\n\n\n\n<h1><strong><em>Termine nach Vereinbarung<\/em><\/strong><\/h1>\n\n\n\n<p><\/p>\n","protected":false},"excerpt":{"rendered":"<p>Ute G\u00f6bel, Bahnhofstra\u00dfe 48a, 76344 Eggenstein staatl. gepr\u00fcfte Kosmetikfachkraft Tel. 0721 \/ 470 398 31 Mobil: 01577 \/ 468 404 3 ( gerne auch per whatsapp ) E-Mail: kosmetik-gutezeit-eggenstein(at)gmx.de Termine nach Vereinbarung<\/p>\n","protected":false},"author":1,"featured_media":0,"parent":0,"menu_order":0,"comment_status":"closed","ping_status":"closed","template":"","meta":[],"_links":{"self":[{"href":"https:\/\/kosmetik-gutezeit-eggenstein.de\/index.php?rest_route=\/wp\/v2\/pages\/19"}],"collection":[{"href":"https:\/\/kosmetik-gutezeit-eggenstein.de\/index.php?rest_route=\/wp\/v2\/pages"}],"about":[{"href":"https:\/\/kosmetik-gutezeit-eggenstein.de\/index.php?rest_route=\/wp\/v2\/types\/page"}],"author":[{"embeddable":true,"href":"https:\/\/kosmetik-gutezeit-eggenstein.de\/index.php?rest_route=\/wp\/v2\/users\/1"}],"replies":[{"embeddable":true,"href":"https:\/\/kosmetik-gutezeit-eggenstein.de\/index.php?rest_route=%2Fwp%2Fv2%2Fcomments&post=19"}],"version-history":[{"count":20,"href":"https:\/\/kosmetik-gutezeit-eggenstein.de\/index.php?rest_route=\/wp\/v2\/pages\/19\/revisions"}],"predecessor-version":[{"id":101,"href":"https:\/\/kosmetik-gutezeit-eggenstein.de\/index.php?rest_route=\/wp\/v2\/pages\/19\/revisions\/101"}],"wp:attachment":[{"href":"https:\/\/kosmetik-gutezeit-eggenstein.de\/index.php?rest_route=%2Fwp%2Fv2%2Fmedia&parent=19"}],"curies":[{"name":"wp","href":"https:\/\/api.w.org\/{rel}","templated":true}]}}

<p>Ute Göbel, Bahnhofstraße 48a, 76344 Eggenstein</p>



<p>staatl. geprüfte Kosmetikfachkraft</p>



<p></p>



<p>Tel. 0721 / 470 398 31</p>



<p>Mobil: 01577 / 468 404 3   ( gerne auch per whatsapp )</p>



<p>E-Mail: kosmetik-gutezeit-eggenstein(at)gmx.de</p>



<p></p>



<p></p>



<h1><strong><em>Termine nach Vereinbarung</em></strong></h1>



<p></p>

<p>Ute Göbel, Bahnhofstraße 48a, 76344 Eggenstein staatl. geprüfte Kosmetikfachkraft Tel. 0721 / 470 398 31 Mobil: 01577 / 468 404 3 ( gerne auch per whatsapp ) E-Mail: kosmetik-gutezeit-eggenstein(at)gmx.de Termine nach Vereinbarung</p>
