{"id":33,"date":"2019-08-02T13:34:24","date_gmt":"2019-08-02T13:34:24","guid":{"rendered":"http:\/\/kosmetik-gutezeit-eggenstein.de\/?page_id=33"},"modified":"2021-02-28T00:17:30","modified_gmt":"2021-02-27T22:17:30","slug":"impressum","status":"publish","type":"page","link":"https:\/\/kosmetik-gutezeit-eggenstein.de\/?page_id=33","title":{"rendered":"Impressum"},"content":{"rendered":"<p>Ute G\u00f6bel<br \/>\nstaatl. gepr\u00fcfte Kosmetikfachkraft<br \/>\nBahnhofstra\u00dfe 48a<br \/>\n76344 Eggenstein<\/p>\n<p>Telefon: 0721 \/ 470 398 31<br \/>\nTelefax: 01577 \/ 468 404 3<br \/>\nE-Mail: <a href=\"mailto:kosmetik-gutezeit-eggenstein@gmx.de\">kosmetik-gutezeit-eggenstein@gmx.de<\/a><\/p>\n<p><strong>Umsatzsteuer-ID: <\/strong><br \/>\nUmsatzsteuer-Identifikationsnummer nach \u00a727a Umsatzsteuergesetz:<br \/>\n77978<\/p>\n<p><strong>Aufsichtsbeh\u00f6rde: <\/strong>Handwerkskammer Karlsruhe<br \/>\nBerufsbezeichnung: staatlich anerkannte Kosmetikerin<br \/>\nKammer: Handwerkskammer Karlsruhe<br \/>\nBerufsbezeichnung verliehen im Land: Deutschland<\/p>\n<p>Sonstiges:<\/p>\n<p><strong>Berufshaftpflichtversicherung: <\/strong>Allianz Versicherung Dietmar Gartner Generalvertretung<br \/>\nHauptstra\u00dfe 41, 76344 Eggenstein-Leopoldshafen<br \/>\nGeltungsbereich: Deutschland<\/p>\n","protected":false},"excerpt":{"rendered":"<p>Ute G\u00f6bel staatl. gepr\u00fcfte Kosmetikfachkraft Bahnhofstra\u00dfe 48a 76344 Eggenstein Telefon: 0721 \/ 470 398 31 Telefax: 01577 \/ 468 404 3 E-Mail: kosmetik-gutezeit-eggenstein@gmx.de Umsatzsteuer-ID: Umsatzsteuer-Identifikationsnummer nach \u00a727a Umsatzsteuergesetz: 77978 Aufsichtsbeh\u00f6rde: Handwerkskammer Karlsruhe Berufsbezeichnung: staatlich anerkannte Kosmetikerin Kammer: Handwerkskammer Karlsruhe Berufsbezeichnung verliehen im Land: Deutschland Sonstiges: &hellip; <a href=\"https:\/\/kosmetik-gutezeit-eggenstein.de\/?page_id=33\" class=\"more-link\"><span>Continue reading<span class=\"screen-reader-text\">Impressum<\/span><\/span><\/a><\/p>\n","protected":false},"author":1,"featured_media":0,"parent":0,"menu_order":0,"comment_status":"closed","ping_status":"closed","template":"","meta":[],"_links":{"self":[{"href":"https:\/\/kosmetik-gutezeit-eggenstein.de\/index.php?rest_route=\/wp\/v2\/pages\/33"}],"collection":[{"href":"https:\/\/kosmetik-gutezeit-eggenstein.de\/index.php?rest_route=\/wp\/v2\/pages"}],"about":[{"href":"https:\/\/kosmetik-gutezeit-eggenstein.de\/index.php?rest_route=\/wp\/v2\/types\/page"}],"author":[{"embeddable":true,"href":"https:\/\/kosmetik-gutezeit-eggenstein.de\/index.php?rest_route=\/wp\/v2\/users\/1"}],"replies":[{"embeddable":true,"href":"https:\/\/kosmetik-gutezeit-eggenstein.de\/index.php?rest_route=%2Fwp%2Fv2%2Fcomments&post=33"}],"version-history":[{"count":7,"href":"https:\/\/kosmetik-gutezeit-eggenstein.de\/index.php?rest_route=\/wp\/v2\/pages\/33\/revisions"}],"predecessor-version":[{"id":176,"href":"https:\/\/kosmetik-gutezeit-eggenstein.de\/index.php?rest_route=\/wp\/v2\/pages\/33\/revisions\/176"}],"wp:attachment":[{"href":"https:\/\/kosmetik-gutezeit-eggenstein.de\/index.php?rest_route=%2Fwp%2Fv2%2Fmedia&parent=33"}],"curies":[{"name":"wp","href":"https:\/\/api.w.org\/{rel}","templated":true}]}}

<p>Ute Göbel<br />
staatl. geprüfte Kosmetikfachkraft<br />
Bahnhofstraße 48a<br />
76344 Eggenstein</p>
<p>Telefon: 0721 / 470 398 31<br />
Telefax: 01577 / 468 404 3<br />
E-Mail: <a href="mailto:kosmetik-gutezeit-eggenstein@gmx.de">kosmetik-gutezeit-eggenstein@gmx.de</a></p>
<p><strong>Umsatzsteuer-ID: </strong><br />
Umsatzsteuer-Identifikationsnummer nach §27a Umsatzsteuergesetz:<br />
77978</p>
<p><strong>Aufsichtsbehörde: </strong>Handwerkskammer Karlsruhe<br />
Berufsbezeichnung: staatlich anerkannte Kosmetikerin<br />
Kammer: Handwerkskammer Karlsruhe<br />
Berufsbezeichnung verliehen im Land: Deutschland</p>
<p>Sonstiges:</p>
<p><strong>Berufshaftpflichtversicherung: </strong>Allianz Versicherung Dietmar Gartner Generalvertretung<br />
Hauptstraße 41, 76344 Eggenstein-Leopoldshafen<br />
Geltungsbereich: Deutschland</p>

<p>Ute Göbel staatl. geprüfte Kosmetikfachkraft Bahnhofstraße 48a 76344 Eggenstein Telefon: 0721 / 470 398 31 Telefax: 01577 / 468 404 3 E-Mail: kosmetik-gutezeit-eggenstein@gmx.de Umsatzsteuer-ID: Umsatzsteuer-Identifikationsnummer nach §27a Umsatzsteuergesetz: 77978 Aufsichtsbehörde: Handwerkskammer Karlsruhe Berufsbezeichnung: staatlich anerkannte Kosmetikerin Kammer: Handwerkskammer Karlsruhe Berufsbezeichnung verliehen im Land: Deutschland Sonstiges: &hellip; <a href="https://kosmetik-gutezeit-eggenstein.de/?page_id=33" class="more-link"><span>Continue reading<span class="screen-reader-text">Impressum</span></span></a></p>
